j(32)?
4
Let f(u) = 137*u + 408. What is f(-3)?
-3
Let z(m) = 10*m + 12. What is z(-3)?
-18
Let h(j) = -18*j - 95. Calculate h(-5).
-5
Let z(h) = h**3 - 35*h**2 - 157*h + 41. Calculate z(39).
2
Let b(t) = -t**2 - 7*t - 2. Determine b(-8).
-10
Let r(f) = f**2 + 16*f - 25. What is r(-17)?
-8
Let m(q) = -7*q - 54. Calculate m(-6).
-12
Let o(x) = 11*x - 26. What is o(3)?
7
Let a(y) = -2*y**3 + 20*y**2 + 4*y - 39. Determine a(10).
1
Let d(y) = -18*y + 126. Calculate d(7).
0
Let g(t) = t**3 + 3*t**2 - 43*t - 9. Give g(-8).
15
Let x(l) = l**2 + 8*l + 4. What is x(-7)?
-3
Let k(x) = 6*x**2 + 142*x - 48. What is k(-24)?
0
Let k(p) = p**2 + 22*p + 7. What is k(-15)?
-98
Let c(u) = u**2 + 7*u - 14. Calculate c(-8).
-6
Let m(v) = -v**3 - 2*v**2 + 8*v - 4. Determine m(-5).
31
Let g(k) = k**3 + 12*k**2 + 2. Give g(-12).
2
Let k(o) = o**3 + 14*o**2 - 1. Give k(-14).
-1
Let v(b) = 39*b + 271. Determine v(-7).
-2
Let k(t) = t**2 + 5*t + 18. What is k(-6)?
24
Let d(h) = 2*h**2 - h - 84. Determine d(0).
-84
Let w(x) = -x - 26. Give w(-16).
-10
Let j(o) = 5*o - 27. What is j(5)?
-2
Let f(w) = 2*w - 2. Give f(-1).
-4
Let k(f) = -20*f - 19. Calculate k(-1).
1
Let f(g) = -g**3 - 20*g**2 - 4*g - 52. Calculate f(-20).
28
Let k(b) = 4*b**3 + 2*b**2 - 3*b + 1. Calculate k(2).
35
Let u(s) = -37*s + 32. Determine u(1).
-5
Let p(r) = -r**2 - 28*r - 149. What is p(-21)?
-2
Let h(b) = 26*b + 308. Determine h(-12).
-4
Let x(g) = -g**2 - 11*g - 12. What is x(-2)?
6
Let g(t) = -t**3 - 9*t**2 - 13*t - 32. What is g(-8)?
8
Let w(x) = x**3 + 7*x**2 - 15*x + 27. Calculate w(-9).
0
Let h(s) = s**3 + 2*s**2 - s + 1. What is h(-2)?
3
Let s(o) = -o**3 - 7*o**2 + 10*o + 6. Calculate s(-8).
-10
Let h(w) = -2*w**3 - 20*w**2 - 16*w + 12. Determine h(-9).
-6
Let n(s) = -2*s**2 - 12*s - 2. Give n(-6).
-2
Let b(l) = l**3 + 8*l**2 + l - 30. What is b(-7)?
12
Let i(b) = -4*b**3 + 11*b**2 + 4*b + 4. Determine i(3).
7
Let t(r) = 3*r + 35. Calculate t(6).
53
Let t(g) = g**2 - 5*g. What is t(5)?
0
Let p(z) = 13*z**3 - z**2 - 2*z. Determine p(-1).
-12
Let z(b) = -34*b - 484. Determine z(-14).
-8
Let i(r) = -r**3 - 3. Give i(0).
-3
Let f(y) = y**3 + 6*y**2 - 5*y - 12. Calculate f(-5).
38
Let u(l) = -l**3 + 8*l**2 + 3. Give u(5).
78
Let a(k) = -k + 3. Determine a(-6).
9
Let b(a) = 2*a**2 + a - 3. Determine b(4).
33
Let o(b) = 2*b**2 - 7*b + 1. Calculate o(3).
-2
Let z(t) = 23*t**2 + 1. Give z(1).
24
Let s(r) = 3*r + 11. Give s(-13).
-28
Let z(q) = -10*q - 1. Calculate z(-1).
9
Let l(t) = 33*t + 173. What is l(-5)?
8
Let a(g) = -g**3 - 23*g**2 - 20*g + 72. What is a(-22)?
28
Let k(c) = 40*c + 238. Give k(-6).
-2
Let g(u) = -37*u - 5. Determine g(-2).
69
Let d(b) = b**3 - 17*b**2 + 61*b + 21. Give d(6).
-9
Let v(f) = f**2 + f + 4. What is v(-3)?
10
Let x(q) = -q**2 - 4*q - 1. Give x(-3).
2
Let h(m) = -3*m**2 + 10*m + 16. What is h(-5)?
-109
Let y(v) = -22*v**3 + 2*v**2 + v - 1. Calculate y(-1).
22
Let a(r) = r**3 + 3*r**2 + 6*r + 2. Give a(-2).
-6
Let s(a) = -3*a - 10. Calculate s(-4).
2
Let y(n) = 2*n**2 - 12*n + 21. What is y(2)?
5
Let w(v) = -v**2 + 6*v + 49. Give w(10).
9
Let a(n) = -5*n - 82. Calculate a(-20).
18
Let z(y) = -y**3 - 8*y**2 - 10*y + 22. Give z(-5).
-3
Let t(q) = -4*q**3 + 2*q**2 + 16*q - 27. What is t(2)?
-19
Let r(t) = -4*t**2 + 25*t - 3. What is r(7)?
-24
Let b(k) = 25*k - 3. Give b(2).
47
Let s(r) = -2*r**2 + 21*r + 11. Calculate s(9).
38
Let y(x) = -x**2 - x - 2. Give y(0).
-2
Let f(w) = w**2 + 33*w - 66. What is f(2)?
4
Let b(x) = 12*x - 492. Calculate b(39).
-24
Let c(n) = n**2 + 3*n - 225. Calculate c(15).
45
Let s(g) = -79*g + 944. Give s(12).
-4
Let w(k) = 43*k - 145. Determine w(3).
-16
Let g(r) = r**3 - 12*r**2 - 12*r - 18. What is g(13)?
-5
Let u(f) = f**3 + 5*f**2 - f - 10. What is u(-5)?
-5
Let p(q) = q**3 + 24*q**2 - 55*q - 79. Determine p(-26).
-1
Let y(q) = -11*q + 11. Determine y(5).
-44
Let t(m) = -m**3 + 11*m**2 + 2*m - 12. Calculate t(11).
10
Let a(t) = 6*t + 18. Determine a(-4).
-6
Let x(v) = -2*v**3 + 2*v**2 - 2. Give x(2).
-10
Let s(i) = 12*i - 1. What is s(1)?
11
Let u(q) = q**2 + q + 3. Determine u(-3).
9
Let i(b) = -6*b**2 - 17*b + 35. What is i(2)?
-23
Let u(c) = c**3 - 5*c**2 - 16*c + 1. Calculate u(7).
-13
Let u(o) = o**3 + o**2 - 5*o - 2. Determine u(-4).
-30
Let c(i) = 9*i + 6. Calculate c(-1).
-3
Let u(s) = 8*s - 244. Determine u(31).
4
Let c(s) = -s**3 - 35*s**2 - 32*s + 71. Give c(-34).
3
Let h(v) = -3*v**2 - 19*v - 4. Determine h(-7).
-18
Let i(a) = -a**2 + 17*a - 48. Calculate i(8).
24
Let v(h) = -4*h + 46. Give v(8).
14
Let n(z) = z**3 - 3*z**2 - 8*z + 1. Calculate n(6).
61
Let c(i) = -8*i + 6. What is c(-3)?
30
Let n(j) = -j**3 - 12*j**2 + 27*j - 4. What is n(-14)?
10
Let v(i) = 3*i**2 - 7*i - 1. What is v(7)?
97
Let k(z) = -3*z**3 + z + 4. What is k(-2)?
26
Let k(z) = 2*z**2 - 10*z - 11. Give k(8).
37
Let h(z) = 2*z**2 - 13*z - 21. Give h(8).
3
Let n(y) = 2*y**2 + 7*y + 8. Give n(-4).
12
Let o(y) = -y**3 + 2*y**2 + 2*y. Calculate o(3).
-3
Let n(x) = x**2 - 7*x + 9. Give n(7).
9
Let u(o) = -2*o**2 + 38*o + 6. Give u(19).
6
Let o(n) = n**3 - n**2 - 2*n + 8. Calculate o(0).
8
Let u(p) = -2*p**2 - 7*p - 4. Calculate u(-5).
-19
Let u(h) = -15*h - 320. What is u(-21)?
-5
Let g(o) = -117*o + 106. Calculate g(1).
-11
Let y(j) = 6*j + 16. Determine y(-3).
-2
Let w(f) = 7*f - 7. Calculate w(6).
35
Let y(z) = 2*z**2 - 66*z + 16. Calculate y(33).
16
Let m(c) = 3*c + 71. Give m(-18).
17
Let u(g) = -5*g**2 - 5*g + 11. Determine u(-5).
-89
Let u(q) = -q + 18. Give u(22).
-4
Let g(s) = s**3 - 4*s**2 + 6*s - 1. What is g(2)?
3
Let z(u) = u**2 + 3*u + 5. Calculate z(-5).
15
Let v(x) = 6*x**2 - 73*x + 26. Determine v(12).
14
Let o(d) = -d**3 - 16*d**2 + 14*d - 41. Determine o(-17).
10
Let q(r) = -r**2 - 5*r - 3. Give q(-5).
-3
Let w(g) = 8*g - 9. What is w(5)?
31
Let f(k) = 2*k**2 - 5. Determine f(-4).
27
Let w(d) = 17*d - 52. What is w(3)?
-1
Let f(k) = -k**3 + 11*k**2 + k + 10. Give f(11).
21
Let g(s) = 35*s**2 - 7*s + 4. Give g(2).
130
Let w(a) = 4*a + 312. Give w(-78).
0
Let c(r) = 3*r + 20. What is c(-14)?
-22
Let k(q) = 18*q + 29. Give k(-2).
-7
Let t(s) = -15*s - 9. Give t(0).
-9
Let p(d) = d**3 - 12*d**2 + 6*d + 29. Give p(11).
-26
Let m(f) = -8*f**3 - 3*f**2 + f + 2. What is m(2)?
-72
Let f(a) = -a**3 + 10*a**2 - 13*a - 4. Calculate f(9).
-40
Let m(g) = g**2 - 9*g - 4. Determine m(6).
-22
Let s(w) = -w**3 - w**2 - 4*w + 26. What is s(0)?
26
Let a(g) = -6*g**3 + 2*g**2 + 11*g + 9. What is a(-1)?
6
Let k(b) = 9*b**2 - 107*b + 85. Calculate k(11).
-3
Let y(j) = j**2 + 5*j - 18. Determine y(-8).
6
Let l(b) = -36*b + 353. Determine l(10).
-7
Let u(x) = 3*x - 5. Calculate u(-9).
-32
Let i(g) = g**2 - 10*g - 52. Give i(14).
4
Let f(t) = -4*t + 27. What is f(5)?
7
Let q(l) = -l**3 + 5*l**2 - l - 3. What is q(3)?
12
Let r(v) = -5*v - 105. What is r(-21)?
0
Let t(m) = 6*m - 2. What is t(-4)?
-26
Let c(w) = -15*w - 1. Determine c(1).
-16
Let m(y) = -4*y**2 + 9*y + 20. Determine m(-2).
-14
Let q(i) = 50*i - 2. Calculate q(-2).
-102
Let g(m) = 2*m**3 + 11*m**2 + m + 7. What is g(-6)?
-35
Let u(x) = -5*x + 1. Give u(5).
-24
Let z(n) = -n**3 - 15*n**2 - 28*n - 21. What is z(-13)?
5
Let o(g) = -9*g**2 - 3*g + 3. Determine o(2).
-39
Let r(i) = -2*i + 19. Determine r(9).
1
Let d(j) = -j**2 + 13*j - 3. What is d(12)?
9
Let d(g) = -g + 4. What is d(-4)?
8
Let u(j) = -j**2 + 10*j - 1. Calculate u(5).
24
Let q(s) = s**3 + 8*s**2 - 2*s + 3. Calculate q(-8).
19
Let s(z) = z**3 - 7*z**2 + 7. Give s(6).
-29
Let r(n) = n**3 + 2*n**2 - 5*n - 5. Determine r(-4).
-17
Let c(x) = -x**2 + 12*x + 10. Determine c(18).
-98
Let s(r) = -55*r + 1. Calculate s(1).
-54
Let n(o) = -6*o - 2. What is n(2)?
-14
Let c(v) = -3*v - 64. Calculate c(-19).
-7
Let r(f) = f**3 - 8*f**2 - f - 10. Calculate r(8).
-18
Let w(n) = 3*n - 96. Give w(33).
3
Let o(c) = -c**3 + 7*c**2 - 5*c - 19. Determine o(4).
9
Let c(z) = -2*z + 38. Calculate c(17).
4
Let s(o) = o - 8. Give s(4).
-4
Let a(d) = 19*d + 89. Determine a(-5).
-6
Let h(x) = x**2 - 13*x + 19. Determine h(12).
7
Let s(y) = -y**3 + 20*y**2 + 41*y + 33. Calculate s(22).
-33
Let k(a) = a**2 - 58*a + 318. Calculate k(6).
6
Let z(k) = -5*k**2 - 2*k - 5. Determine z(-2).
-21
Let t(c) = -c**3 + 2*c**2 + 2*c + 6. Determine t(3).
3
Let w(o) = o**3 + 9*o**2 +